at is -c55b0 + -1?
-c55b1
In base 15, what is 4e5a - 2?
4e58
In base 10, what is 7272 - -6?
7278
In base 5, what is 1 - -120244?
120300
In base 11, what is 5 - 121343?
-121339
In base 8, what is -6052 - -130?
-5722
In base 15, what is -4 - 6241?
-6245
In base 3, what is 100122 + 100211?
201110
In base 12, what is -5 + 70b5?
70b0
In base 15, what is -44a00 + 4?
-449eb
In base 7, what is 511 - 3135?
-2324
In base 15, what is 1555 - 255?
1300
In base 6, what is 31 + -5232?
-5201
In base 14, what is 29 - 2035?
-200a
In base 16, what is 4237 - -8?
423f
In base 13, what is 0 + -17724a?
-17724a
In base 6, what is 1401531 + 2?
1401533
In base 5, what is 1021 + -34044?
-33023
In base 16, what is -9ea + -13?
-9fd
In base 13, what is 1989 + 1b3?
1b6c
In base 11, what is 113a49 + -5?
113a44
In base 9, what is 66 - 3013?
-2836
In base 16, what is -103 + -11d?
-220
In base 4, what is 1311 - 1011221?
-1003310
In base 13, what is -35c0a1 - 2?
-35c0a3
In base 14, what is -2 - -69931?
6992d
In base 5, what is -301323 + 11343?
-234430
In base 8, what is 172611 - -17?
172630
In base 15, what is 2 + -2d58?
-2d56
In base 5, what is 243344 - 24?
243320
In base 15, what is -25 + 2a9e?
2a79
In base 13, what is -68c + 110?
-57c
In base 14, what is 31 - -30?
61
In base 3, what is -10 + -202020110100?
-202020110110
In base 9, what is 2 + -3173654?
-3173652
In base 14, what is -16348 + -d?
-16357
In base 4, what is 131 + 11010231?
11011022
In base 15, what is -60b6 - 1?
-60b7
In base 15, what is -752a + -1?
-752b
In base 15, what is 550b - 1?
550a
In base 15, what is -5658b1 + 4?
-5658ac
In base 6, what is -1430043 + -14?
-1430101
In base 2, what is -101101001 + 111101000011?
110111011010
In base 10, what is 99 + 239?
338
In base 8, what is -7315 - 1005?
-10322
In base 2, what is 100101010011001000011 + -11?
100101010011001000000
In base 9, what is -51010 - -5?
-51004
In base 11, what is 1084 - a?
1075
In base 14, what is -38732 - -c?
-38724
In base 4, what is 100311123 + 1?
100311130
In base 8, what is -16 + -5040?
-5056
In base 14, what is -1b - 8a0?
-8bb
In base 7, what is 111350111 + -1?
111350110
In base 6, what is 114 - -322215?
322333
In base 14, what is a6a + -4db?
56d
In base 12, what is -2 - 232620?
-232622
In base 4, what is -133012313 + -102?
-133013021
In base 2, what is -1010 + -1010101111001?
-1010110000011
In base 2, what is 11 - 101111111001001?
-101111111000110
In base 3, what is -100200022 + 11012?
-100112010
In base 12, what is -126 + -258?
-382
In base 10, what is 343 - -1095?
1438
In base 10, what is 1 + -31707?
-31706
In base 15, what is 9a1 + c?
9ad
In base 7, what is -66 - -1040?
641
In base 3, what is -12 - -10210212112?
10210212100
In base 12, what is -23a69 - -2?
-23a67
In base 7, what is -12104 + 3?
-12101
In base 7, what is -2 - -43431?
43426
In base 12, what is b4a + -176?
994
In base 12, what is -1 - 61020?
-61021
In base 16, what is 2d5 + -1e?
2b7
In base 10, what is -14396 + 2?
-14394
In base 11, what is -3 - 41917?
-4191a
In base 3, what is 12220222102211 + 0?
12220222102211
In base 12, what is -20a9 + 1?
-20a8
In base 12, what is -2027 + -16?
-2041
In base 10, what is 3 - 17608?
-17605
In base 7, what is 41311 - -212?
41523
In base 2, what is 0 + -10001011011111110?
-10001011011111110
In base 15, what is -4a98dc + -1?
-4a98dd
In base 5, what is 1213421 - -24?
1214000
In base 9, what is 313 + 8225?
8538
In base 3, what is 12021 + 12021121?
12110212
In base 3, what is 10 - 101020111?
-101020101
In base 3, what is 1201 - 222022001?
-222020100
In base 2, what is 10011 + -111000110111110?
-111000110101011
In base 16, what is -2cd9 - 5?
-2cde
In base 9, what is 2660 - -22?
2682
In base 9, what is 8088 - 173?
7815
In base 13, what is -1b39 - -6?
-1b33
In base 15, what is -1c + 1446?
1429
In base 15, what is 0 - 318b?
-318b
In base 4, what is -11 + 11331233?
11331222
In base 14, what is 508b3 - 2?
508b1
In base 15, what is 12 - -5691?
56a3
In base 14, what is -36 - 4167?
-419d
In base 14, what is 8b - 2715?
-2668
In base 14, what is 3 - -931c6?
931c9
In base 8, what is 5 + 353442?
353447
In base 16, what is 1c - -4de9?
4e05
In base 5, what is -14443 - -300?
-14143
In base 8, what is -5 + -24166?
-24173
In base 13, what is -59 + 9b8?
95c
In base 7, what is 50 - 565211?
-565131
In base 3, what is 2 + -1020101002202?
-1020101002200
In base 15, what is 3c729 - 9?
3c720
In base 13, what is 13 - 1894?
-1881
In base 5, what is 30041131 - -13?
30041144
In base 12, what is -205403 - -1?
-205402
In base 6, what is -32 + 133421?
133345
In base 15, what is -15 + a4?
8e
In base 3, what is 10 + -20220201?
-20220121
In base 12, what is -5 + -1851?
-1856
In base 4, what is 0 + -11232300?
-11232300
In base 12, what is 1a1967 - 6?
1a1961
In base 8, what is 1 + -157066?
-157065
In base 5, what is 1 - 1122313?
-1122312
In base 3, what is 10211212100 - 20?
10211212010
In base 15, what is 2d - -6170?
619d
In base 5, what is 10 + 42032323?
42032333
In base 13, what is 3a4 - 190?
214
In base 12, what is 133a6 - 3?
133a3
In base 6, what is -3552 + 454?
-3054
In base 2, what is 11110001011010 + -11100?
11110000111110
In base 2, what is 1011000010110 - -10101000?
1011010111110
In base 8, what is 62 + -432?
-350
In base 6, what is 14540 + 343?
15323
In base 10, what is -3 + 12755?
12752
In base 9, what is 16 - 143107?
-143081
In base 13, what is 32ba - 157?
3163
In base 6, what is 1035 - -340?
1415
In base 3, what is -11 - 10212001020?
-10212001101
In base 9, what is -4175411 + 5?
-4175405
In base 11, what is 565 + -72?
4a3
In base 12, what is 2a72 - -31?
2aa3
In base 9, what is 48 - 8442?
-8383
In base 11, what is 4 - 1834a1?
-183498
In base 5, what is -2 + -4433102?
-4433104
In base 7, what is -6 - 14335?
-14344
In base 14, what is -242 + -343?
-585
In base 15, what is -1b - 32b?
-347
In base 11, what is -278780 - 1?
-278781
In base 16, what is 53f + -2?
53d
In base 13, what is -c + -2c8?
-307
In base 5, what is -1000440 + 1?
-1000434
In base 14, what is 26db3 + -1?
26db2
In base 13, what is 661 - -5b?
6bc
In base 13, what is -24b - 15?
-263
In base 13, what is -1198 - -5c?
-1139
In base 7, what is 4 + 335?
342
In base 14, what is 86c4 - -4?
86c8
In base 6, what is 522 + 40551?
41513
In base 14, what is 2 - 35a9?
-35a7
In base 3, what is 0 - -10101101?
10101101
In base 14, what is 5 + 9d45?
9d4a
In base 15, what is 184 - 74?
110
In base 11, what is -4 + -739a23?
-739a27
In base 9, what is -3 + -224022?
-224025
In base 5, what is -21203 + -11?
-21214
In base 11, what is 73a088 + -1?
73a087
In base 14, what is 1cd58d + 2?
1cd591
In base 3, what is -110021212021 + -12?
-110021212110
In base 5, what is -3 - 34421332?
-34421340
In base 9, what is -180610 + -2?
-180612
In base 8, what is 5363 + 35?
5420
In base 2, what is -11011010110001110 + 1000?
-11011010110000110
In base 3, what is -212 - -1200000?
1122011
In base 10, what is -5 + 41933?
41928
In base 3, what is 10002010202000 + 10?
10002010202010
In base 4, what is -311 - -211311?
211000
In base 7, what is 0 - 1010333?
-1010333
In base 13, what is 19c86 - 1?
19c85
In base 3, what is 0 - 11012220112?
-11012220112
In base 12, what is -1 - 190524?
-190525
In base 15, what is 1a + 1a2?
1bc
In base 16, what is -3 - -16bc9?
16bc6
In base 11, what is -16848 + -7?
-16854
In base 5, what is 13 - 13104312?
-13104244
In base 3, what is -1102 + 1021120002?
1021111200
In base 4, what is -30100 - -12310?
-11130
In base 14, what is 2180 + 8?
2188
In base 3, what is -121 + 1110012211?
1110012020
In base 5, what is -10 - -1022200?
1022140
In base 9, what is 282505 - -4?
282510
In base 16, what is -1 + -8e891?
-8e892
In base 2, what is -1000011111111110 + -1011?
-1000100000001001
In base 5, what is 0 + 103020?
103020
In base 13, what is 7752 - -2?
7754
In base 11, what is -2 + -1037281?
-1037283
In base 12, what is -5 + -13778b?
-137794
In base 16, what is 2 - -ea10?
ea12
In base 3, what is 21220 - 100202010?
-100110020
In base 10, what is 15409 - -4?
15413
In base 16, what is -1 - 4073?
-4074
In base 4, what is -1322130 + 11?
-1322113
In base 13, what is 1ba4 + -a?
1b97
In base 4, what is 1131 - -1102?
2233
In base 16, what is 44ad - -5?
44b2
In base 3, what is -1110110111 - 1?
-1110110112
In base 16, what is 17 - -9c8c?
9ca3
In bas